the prime factors of 829?
829
What are the prime factors of 2740?
2, 5, 137
List the prime factors of 1304.
2, 163
What are the prime factors of 35891?
19, 1889
List the prime factors of 17030.
2, 5, 13, 131
What are the prime factors of 18201?
3, 6067
List the prime factors of 12311.
13, 947
What are the prime factors of 3090?
2, 3, 5, 103
List the prime factors of 4890.
2, 3, 5, 163
What are the prime factors of 111994?
2, 55997
What are the prime factors of 10672?
2, 23, 29
What are the prime factors of 82836?
2, 3, 13, 59
List the prime factors of 28660.
2, 5, 1433
List the prime factors of 650.
2, 5, 13
What are the prime factors of 9712?
2, 607
List the prime factors of 22925.
5, 7, 131
What are the prime factors of 15897?
3, 7, 757
List the prime factors of 15513.
3, 5171
What are the prime factors of 296?
2, 37
What are the prime factors of 546?
2, 3, 7, 13
List the prime factors of 310.
2, 5, 31
List the prime factors of 3079.
3079
List the prime factors of 898.
2, 449
What are the prime factors of 83369?
11, 13, 53
What are the prime factors of 7673?
7673
List the prime factors of 3198.
2, 3, 13, 41
What are the prime factors of 44961?
3, 7, 2141
What are the prime factors of 92637?
3, 47, 73
What are the prime factors of 571?
571
List the prime factors of 30264.
2, 3, 13, 97
What are the prime factors of 11818?
2, 19, 311
List the prime factors of 15620.
2, 5, 11, 71
What are the prime factors of 9972?
2, 3, 277
List the prime factors of 767.
13, 59
List the prime factors of 1254.
2, 3, 11, 19
List the prime factors of 76293.
3, 7, 173
List the prime factors of 563.
563
What are the prime factors of 35765?
5, 23, 311
What are the prime factors of 707?
7, 101
What are the prime factors of 6738?
2, 3, 1123
What are the prime factors of 17901?
3, 13, 17
What are the prime factors of 3093?
3, 1031
What are the prime factors of 3172?
2, 13, 61
What are the prime factors of 83595?
3, 5, 5573
List the prime factors of 2364.
2, 3, 197
List the prime factors of 1817.
23, 79
What are the prime factors of 990?
2, 3, 5, 11
What are the prime factors of 155215?
5, 37, 839
List the prime factors of 2843.
2843
List the prime factors of 1656.
2, 3, 23
List the prime factors of 2890.
2, 5, 17
List the prime factors of 168469.
7, 41, 587
What are the prime factors of 13818?
2, 3, 7, 47
What are the prime factors of 2047?
23, 89
What are the prime factors of 3122?
2, 7, 223
List the prime factors of 56320.
2, 5, 11
List the prime factors of 853.
853
List the prime factors of 1637.
1637
List the prime factors of 34848.
2, 3, 11
List the prime factors of 130047.
3, 67, 647
What are the prime factors of 305?
5, 61
List the prime factors of 46871.
11, 4261
List the prime factors of 145258.
2, 59, 1231
List the prime factors of 69439.
69439
What are the prime factors of 12837?
3, 11, 389
List the prime factors of 5615.
5, 1123
List the prime factors of 9995.
5, 1999
What are the prime factors of 3823?
3823
What are the prime factors of 36515?
5, 67, 109
List the prime factors of 15.
3, 5
List the prime factors of 2796.
2, 3, 233
List the prime factors of 3399.
3, 11, 103
List the prime factors of 66163.
109, 607
List the prime factors of 5154.
2, 3, 859
List the prime factors of 521.
521
What are the prime factors of 311?
311
List the prime factors of 3878.
2, 7, 277
What are the prime factors of 7462?
2, 7, 13, 41
List the prime factors of 731.
17, 43
What are the prime factors of 10922?
2, 43, 127
What are the prime factors of 10413?
3, 13, 89
List the prime factors of 454.
2, 227
What are the prime factors of 749?
7, 107
What are the prime factors of 14185?
5, 2837
List the prime factors of 453.
3, 151
List the prime factors of 16787.
16787
List the prime factors of 86517.
3, 9613
List the prime factors of 265.
5, 53
List the prime factors of 52.
2, 13
What are the prime factors of 4876?
2, 23, 53
What are the prime factors of 5281?
5281
What are the prime factors of 1108?
2, 277
What are the prime factors of 9070?
2, 5, 907
What are the prime factors of 49819?
7, 11, 647
List the prime factors of 4142.
2, 19, 109
What are the prime factors of 1722?
2, 3, 7, 41
What are the prime factors of 12866?
2, 7, 919
List the prime factors of 392.
2, 7
What are the prime factors of 185?
5, 37
What are the prime factors of 109680?
2, 3, 5, 457
What are the prime factors of 83597?
83597
List the prime factors of 62952.
2, 3, 43, 61
List the prime factors of 5935.
5, 1187
What are the prime factors of 1668?
2, 3, 139
List the prime factors of 83.
83
List the prime factors of 4264.
2, 13, 41
What are the prime factors of 610?
2, 5, 61
List the prime factors of 6461.
7, 13, 71
What are the prime factors of 36585?
3, 5, 271
What are the prime factors of 1146?
2, 3, 191
List the prime factors of 1840.
2, 5, 23
What are the prime factors of 1621?
1621
What are the prime factors of 37282?
2, 7, 2663
What are the prime factors of 55844?
2, 23, 607
List the prime factors of 55861.
13, 4297
List the prime factors of 18375.
3, 5, 7
List the prime factors of 1185.
3, 5, 79
What are the prime factors of 640?
2, 5
What are the prime factors of 56739?
3, 18913
What are the prime factors of 1623?
3, 541
List the prime factors of 28546.
2, 7, 2039
List the prime factors of 23933.
7, 13, 263
What are the prime factors of 3268?
2, 19, 43
List the prime factors of 259.
7, 37
What are the prime factors of 16692?
2, 3, 13, 107
What are the prime factors of 2612?
2, 653
What are the prime factors of 425?
5, 17
List the prime factors of 204.
2, 3, 17
List the prime factors of 2882.
2, 11, 131
What are the prime factors of 4578?
2, 3, 7, 109
What are the prime factors of 2756?
2, 13, 53
What are the prime factors of 8994?
2, 3, 1499
What are the prime factors of 1199?
11, 109
What are the prime factors of 2090?
2, 5, 11, 19
List the prime factors of 166166.
2, 7, 11, 13, 83
List the prime factors of 439.
439
List the prime factors of 7300.
2, 5, 73
What are the prime factors of 596?
2, 149
List the prime factors of 2897.
2897
What are the prime factors of 53240?
2, 5, 11
List the prime factors of 2545.
5, 509
What are the prime factors of 1039?
1039
List the prime factors of 10364.
2, 2591
List the prime factors of 2621.
2621
What are the prime factors of 11091?
3, 3697
List the prime factors of 1246.
2, 7, 89
List the prime factors of 3213.
3, 7, 17
List the prime factors of 12840.
2, 3, 5, 107
List the prime factors of 1163.
1163
List the prime factors of 12717.
3, 157
What are the prime factors of 39260?
2, 5, 13, 151
List the prime factors of 12468.
2, 3, 1039
What are the prime factors of 6876?
2, 3, 191
What are the prime factors of 11546?
2, 23, 251
List the prime factors of 8871.
3, 2957
What are the prime factors of 369?
3, 41
List the prime factors of 1803.
3, 601
List the prime factors of 19207.
19207
What are the prime factors of 23143?
23143
List the prime factors of 11898.
2, 3, 661
List the prime factors of 1680.
2, 3, 5, 7
What are the prime factors of 27793?
27793
List the prime factors of 277.
277
List the prime factors of 3152.
2, 197
List the prime factors of 7349.
7349
What are the prime factors of 69816?
2, 3, 2909
List the prime factors of 575.
5, 23
What are the prime factors of 35185?
5, 31, 227
List the prime factors of 65538.
2, 3, 11, 331
List the prime factors of 3954.
2, 3, 659
List the prime factors of 6600.
2, 3, 5, 11
List the prime factors of 4303.
13, 331
List the prime factors of 518.
2, 7, 37
List the prime factors of 75.
3, 5
List the prime factors of 2024.
2, 11, 23
What are the prime factors of 111523?
229, 487
What are the prime factors of 1460?
2, 5, 73
List the prime factors of 69870.
2, 3, 5, 17, 137
What are the prime factors of 1605?
3, 5, 107
What are the prime factors of 3786?
2, 3, 631
List the prime factors of 23258.
2, 29, 401
What are the prime factors of 4843?
29, 167
List the prime factors of 4694.
2, 2347
List the prime factors of 674.
2, 337
What are the prime factors of 7368?
2, 3, 307
What are the prime factors of 1047?
3, 349
List the prime factors of 51131.
51131
List the prime factors of 6018.
2, 3, 17, 59
List the prime factors of 24879.
3, 8293
What are the prime factors of 844?
2, 211
What are the prime factors of 96611?
